{"id":47,"date":"2012-08-01T17:32:54","date_gmt":"2012-08-01T20:32:54","guid":{"rendered":"http:\/\/www.gtspragas.com.br\/?page_id=47"},"modified":"2012-08-31T07:04:42","modified_gmt":"2012-08-31T10:04:42","slug":"servicos-diferenciados","status":"publish","type":"page","link":"https:\/\/www.gtspragas.com.br\/?page_id=47","title":{"rendered":"Servi\u00e7os Diferenciados"},"content":{"rendered":"<p>&#8211; Atendemos diferenciados setores como <em><strong>Ind\u00fastrias; Com\u00e9rcio; Hospitais; Resid\u00eancias; Condom\u00ednios; etc<\/strong><\/em>.<\/p>\n<p>&#8211; Atendemos \u00e1reas industriais atrav\u00e9s de <strong>MIVP<\/strong> &#8211;<strong> M<\/strong>anejo<strong> I<\/strong>ntegrado de <strong>V<\/strong>etores e <strong>P<\/strong>ragas; programa origin\u00e1rio do <strong>CIP<\/strong>\u00a0ou <strong>MIP &#8211;<\/strong>\u00a0<strong>C<\/strong>ontrole \/ <strong>M<\/strong>anejo<strong> I<\/strong>ntegrado de <strong>P<\/strong>ragas; sendo atualmente conhecido tamb\u00e9m como <strong>Controle de Sinantr\u00f3picos<\/strong>. \u00a0Atendendo plenamente clientes com certifica\u00e7\u00f5es<strong> ISO 9001 e 14000<\/strong>.<\/p>\n<p>&#8211; Nas <em><strong>Ind\u00fastrias Aliment\u00edcias<\/strong><\/em>, possu\u00edmos clientes auditados pela <strong>NESTL\u00c9<\/strong>,<strong>\u00a0KRAFTFOOD<\/strong>, <strong>SGS<\/strong>,\u00a0<strong>NUTRY<\/strong>,<strong> <\/strong>etc.<\/p>\n<p>&#8211; Al\u00e9m dos m\u00e9todos convencionais, fazemos uso de <strong>Armadilhas colantes<\/strong> (captura de roedores) e de <strong>Armadilhas Luminosas<\/strong> (auxiliador no controle de insetos alados).<\/p>\n<p>&nbsp;<\/p>\n<p><strong>TIPOS DE SERVI\u00c7OS:<\/strong><\/p>\n<p><strong>1) \u00a0DESINSETIZA\u00c7\u00c3O<\/strong> \u00a0&#8211; \u00a0Controle de<strong> insetos e aracn\u00eddeos<\/strong> no geral (inclusive da aranha marrom). \u00a0\u00a0<em><strong>PRODUTOS UTILIZADOS: \u00a0 <\/strong><\/em>Inseticidas profissionais, devidamente registrados de variadas formula\u00e7\u00f5es <strong>sem solventes org\u00e2nicos<\/strong> (sem cheiro), evitando dessa maneira processos al\u00e9rgicos e outros &#8211; para \u00e1reas sens\u00edveis (<strong>resid\u00eancias, escolas, condom\u00ednios, etc.<\/strong>)<\/p>\n<p><strong>2) \u00a0DESCUPINIZA\u00c7\u00c3O &#8211;\u00a0<\/strong>Controle de <strong><em>cupins e brocas de madeira<\/em><\/strong> em estruturas de madeira no geral; m\u00f3veis, portas, janelas, etc. \u00a0 \u00a0<strong><em>PRODUTOS UTILIZADOS:<\/em><\/strong>\u00a0 \u00a0Inseticidas profissionais, devidamente registrados, dilu\u00eddos em solvente org\u00e2nico espec\u00edfico,<strong> com<\/strong> ou<strong> sem<\/strong> <strong>cheiro<\/strong>; aplicados atrav\u00e9s de pulveriza\u00e7\u00e3o, inje\u00e7\u00e3o e\/ou pincelamento \u00a0&#8211; \u00a0Garantia de <span style=\"text-decoration: underline;\">2<\/span> anos contra reinfesta\u00e7\u00f5es.<\/p>\n<p><strong>3) \u00a0DESRATIZA\u00c7\u00c3O<\/strong> &#8211; Controle de roedores no geral. \u00a0\u00a0<em><strong>PRODUTOS UTILIZADOS<\/strong><\/em>: \u00a0 <em>Rodenticidas<\/em> profissionais, devidamente registrados, dispostos em<strong> porta iscas especiais<\/strong> (evitando o contato com animais n\u00e3o alvo) e de <em>Armadilhas colantes<\/em> (para captura).<\/p>\n<p><strong>4) \u00a0LIMPEZA E DESINFEC\u00c7\u00c3O T\u00c9CNICA EM RESERVAT\u00d3RIOS DE \u00c1GUA<\/strong> &#8211; Padr\u00e3o SANEPAR &#8211; SABESP. \u00a0\u00a0<strong><em>PRODUTOS UTILIZADOS<\/em><\/strong>: \u00a0Produtos devidamente registrados como: Hipoclorito de s\u00f3dio e\/ou Dicloroisocianurato de s\u00f3dio.<\/p>\n<p><strong>5) \u00a0REMO\u00c7\u00c3O DE ABELHAS E VESPAS<\/strong> &#8211;<\/p>\n<p><strong>6) \u00a0CONTROLE DE POMBOS \/ MORCEGOS &#8211;<\/strong><\/p>\n<p><strong>7) \u00a0EXPURGOS E FUMIGA\u00c7\u00d5ES* &#8211;\u00a0<\/strong>Controle de insetos de gr\u00e3os armazenados \/ atendendo as normas internacionais para exporta\u00e7\u00e3o de madeiras (paletes, caixas, etc.).<\/p>\n<p>&nbsp;<\/p>\n<p>&nbsp;<\/p>\n","protected":false},"excerpt":{"rendered":"<p>&#8211; Atendemos diferenciados setores como Ind\u00fastrias; Com\u00e9rcio; Hospitais; Resid\u00eancias; Condom\u00ednios; etc. &#8211; Atendemos \u00e1reas industriais atrav\u00e9s de MIVP &#8211; Manejo Integrado de Vetores e Pragas; programa origin\u00e1rio do CIP\u00a0ou MIP &#8211;\u00a0Controle \/ Manejo Integrado de Pragas; sendo atualmente conhecido tamb\u00e9m &hellip; <a href=\"https:\/\/www.gtspragas.com.br\/?page_id=47\">Continue lendo <span class=\"meta-nav\">&rarr;<\/span><\/a><\/p>\n","protected":false},"author":2,"featured_media":0,"parent":0,"menu_order":2,"comment_status":"closed","ping_status":"closed","template":"","meta":{"footnotes":""},"class_list":["post-47","page","type-page","status-publish","hentry"],"_links":{"self":[{"href":"https:\/\/www.gtspragas.com.br\/index.php?rest_route=\/wp\/v2\/pages\/47","targetHints":{"allow":["GET"]}}],"collection":[{"href":"https:\/\/www.gtspragas.com.br\/index.php?rest_route=\/wp\/v2\/pages"}],"about":[{"href":"https:\/\/www.gtspragas.com.br\/index.php?rest_route=\/wp\/v2\/types\/page"}],"author":[{"embeddable":true,"href":"https:\/\/www.gtspragas.com.br\/index.php?rest_route=\/wp\/v2\/users\/2"}],"replies":[{"embeddable":true,"href":"https:\/\/www.gtspragas.com.br\/index.php?rest_route=%2Fwp%2Fv2%2Fcomments&post=47"}],"version-history":[{"count":22,"href":"https:\/\/www.gtspragas.com.br\/index.php?rest_route=\/wp\/v2\/pages\/47\/revisions"}],"predecessor-version":[{"id":119,"href":"https:\/\/www.gtspragas.com.br\/index.php?rest_route=\/wp\/v2\/pages\/47\/revisions\/119"}],"wp:attachment":[{"href":"https:\/\/www.gtspragas.com.br\/index.php?rest_route=%2Fwp%2Fv2%2Fmedia&parent=47"}],"curies":[{"name":"wp","href":"https:\/\/api.w.org\/{rel}","templated":true}]}}