{"id":56,"date":"2012-08-01T17:34:47","date_gmt":"2012-08-01T20:34:47","guid":{"rendered":"http:\/\/www.gtspragas.com.br\/?page_id=56"},"modified":"2025-07-04T15:46:44","modified_gmt":"2025-07-04T18:46:44","slug":"contatos","status":"publish","type":"page","link":"https:\/\/www.gtspragas.com.br\/?page_id=56","title":{"rendered":"Fale Conosco"},"content":{"rendered":"<p>&#8211; Executamos servi\u00e7os mediante <strong>vistoria<\/strong> com <strong>or\u00e7amento sem compromisso<\/strong>.<\/p>\n<p>&#8211;<strong> Descupiniza\u00e7\u00e3o e servi\u00e7os em empresas<\/strong>, somente atrav\u00e9s de <strong>vistoria t\u00e9cnica\u00a0 (Eng. Agr\u00f4nomo).<\/strong><\/p>\n<h2><\/h2>\n<h2><span style=\"color: #000000;\">CONTATO<\/span><\/h2>\n<p><span style=\"color: #000000;\">Fone:\u00a0<\/span>(41) \u00a03298-6633<\/p>\n<p><span style=\"color: #000000;\">Celular:\u00a0<\/span>(41) 99975-5500 ou 98862-8042 <img loading=\"lazy\" decoding=\"async\" class=\"\" src=\"https:\/\/criar.wa.link\/static\/WhatsApp-0e878a0fa68c61b06e781cee2e6bc71f.svg\" alt=\"WA logo\" width=\"20\" height=\"20\" \/><a href=\"https:\/\/api.whatsapp.com\/send?phone=5541988628042\">Whatsapp<\/a><\/p>\n<p>E-mail: \u00a0gts.pragas@gmail.com<\/p>\n<address><strong>Endere\u00e7o: <\/strong><strong style=\"font-style: normal;\">Rua Moys\u00e9s Gutztein, 477 <\/strong><strong style=\"font-style: normal;\">Curitiba \u2013 PR <a href=\"https:\/\/www.google.com\/maps\/search\/Rua+Moyses+Gutztein,+477+-+Sitio+Cercado,+Curitiba+-+PR,+81.925-180.\/@-25.5445553,-49.2743728,17z\/data=!3m1!4b1?entry=ttu&amp;g_ep=EgoyMDI0MTExMy4xIKXMDSoASAFQAw%3D%3D\">Localiza\u00e7\u00e3o Maps<\/a><\/strong><\/address>\n<div>\n<address>\u00a0<\/address>\n<\/div>\n","protected":false},"excerpt":{"rendered":"<p>&#8211; Executamos servi\u00e7os mediante vistoria com or\u00e7amento sem compromisso. &#8211; Descupiniza\u00e7\u00e3o e servi\u00e7os em empresas, somente atrav\u00e9s de vistoria t\u00e9cnica\u00a0 (Eng. Agr\u00f4nomo). CONTATO Fone:\u00a0(41) \u00a03298-6633 Celular:\u00a0(41) 99975-5500 ou 98862-8042 Whatsapp E-mail: \u00a0gts.pragas@gmail.com Endere\u00e7o: Rua Moys\u00e9s Gutztein, 477 Curitiba \u2013 PR &hellip; <a href=\"https:\/\/www.gtspragas.com.br\/?page_id=56\">Continue lendo <span class=\"meta-nav\">&rarr;<\/span><\/a><\/p>\n","protected":false},"author":2,"featured_media":0,"parent":0,"menu_order":5,"comment_status":"closed","ping_status":"closed","template":"","meta":{"footnotes":""},"class_list":["post-56","page","type-page","status-publish","hentry"],"_links":{"self":[{"href":"https:\/\/www.gtspragas.com.br\/index.php?rest_route=\/wp\/v2\/pages\/56","targetHints":{"allow":["GET"]}}],"collection":[{"href":"https:\/\/www.gtspragas.com.br\/index.php?rest_route=\/wp\/v2\/pages"}],"about":[{"href":"https:\/\/www.gtspragas.com.br\/index.php?rest_route=\/wp\/v2\/types\/page"}],"author":[{"embeddable":true,"href":"https:\/\/www.gtspragas.com.br\/index.php?rest_route=\/wp\/v2\/users\/2"}],"replies":[{"embeddable":true,"href":"https:\/\/www.gtspragas.com.br\/index.php?rest_route=%2Fwp%2Fv2%2Fcomments&post=56"}],"version-history":[{"count":22,"href":"https:\/\/www.gtspragas.com.br\/index.php?rest_route=\/wp\/v2\/pages\/56\/revisions"}],"predecessor-version":[{"id":308,"href":"https:\/\/www.gtspragas.com.br\/index.php?rest_route=\/wp\/v2\/pages\/56\/revisions\/308"}],"wp:attachment":[{"href":"https:\/\/www.gtspragas.com.br\/index.php?rest_route=%2Fwp%2Fv2%2Fmedia&parent=56"}],"curies":[{"name":"wp","href":"https:\/\/api.w.org\/{rel}","templated":true}]}}